-24)). Does 11 divide (x*2)/(2/(-4))?
False
Suppose d = b + 146, -4*b = -d + 6*d + 620. Let s = 264 + b. Is 8 a factor of s?
False
Let c(b) = b**2 - 7*b - 25. Let i be c(12). Let t = i + -26. Does 2 divide t?
False
Is 16 a factor of (1 + (-15)/18)/(8/4944)?
False
Suppose -f = n - 13, 2*f - 3*n - 28 = -7*n. Let t = f + 12. Does 6 divide t?
True
Let r(v) = -v**3 + 13*v**2 - v - 10. Let u be r(13). Let p(n) = -n**2 - 26*n - 14. Is p(u) a multiple of 10?
False
Let q(u) = -u**2. Let w be q(0). Suppose 0 = -5*r - 5*t + 18 + 2, -2*r - 5*t + 5 = w. Suppose r*j - 8 = 37. Is j a multiple of 2?
False
Suppose 0 = -3*x + 325 + 104. Suppose -x - 352 = -5*z. Is z a multiple of 12?
False
Let x = -6 + 18. Is 3 a factor of 7 + -2 - x/(-3)?
True
Let a(s) = -451*s + 141. Is 12 a factor of a(-15)?
False
Suppose -g + 7*k + 110 = 3*k, 4*g = -3*k + 345. Does 9 divide g?
True
Is 64 a factor of 528 - (93/(-33) + (-2)/11)?
False
Let l be (82/(-4))/(8/(-32)). Let n = l - 23. Is n a multiple of 12?
False
Let w(g) = 2*g**3 + 3*g**2 + 2*g + 4. Let s be w(-2). Is (2/s)/((-4)/408) a multiple of 17?
True
Let y be (-585)/52*8/(-3). Let n = y - 19. Does 3 divide n?
False
Let m be -2*(-2)/10 - (-1114)/(-10). Let u = m + 226. Is u a multiple of 23?
True
Let f(b) = -b**3 + 19*b**2 - 34*b + 28. Is f(13) a multiple of 20?
True
Let u(w) = 7*w**2 - 2*w + 8. Is u(-5) a multiple of 14?
False
Let h(j) = 17*j**2 + 31*j + 5. Does 65 divide h(-8)?
True
Suppose -2*q = 5*p + 3*q + 60, -p + 5*q = 30. Let u = p - -67. Is u a multiple of 13?
True
Let i(w) be the first derivative of w**4/2 - 22*w**3/3 + 3*w**2 + 18*w + 40. Does 21 divide i(12)?
True
Let i = -21 + 13. Let m = 10 + i. Suppose 0 = -7*j + m*j + 100. Is j a multiple of 14?
False
Suppose 7 = 2*v + 3. Suppose 5*q - 234 = v*q. Is q a multiple of 11?
False
Let j(d) = d**2 + 9*d + 3. Let o(m) = -2. Let y(b) = b + 3. Let u(z) = 6*o(z) + 5*y(z). Let i be u(-3). Is 13 a factor of j(i)?
True
Let w(g) = -g - 6. Let k be w(-10). Suppose -8 = 4*s, -5*f + s = k*s - 9. Suppose 8*l - 20 = f*l. Does 4 divide l?
True
Let y(w) = -26*w + 19. Let t be y(3). Let h = 97 + t. Does 8 divide h?
False
Suppose 4*m - 3*m = 5*c + 127, -4*m - 3*c = -462. Is 14 a factor of m?
False
Let t = -8 - -12. Suppose q - 5*q = t*c + 24, -10 = 4*q - 3*c. Is 17 a factor of 98/6 - q/6?
True
Let x be (30/(-4))/(1/(-6)). Does 21 divide (38/3 - 0)/(6/x)?
False
Suppose 25 = -5*i, -l + 20*i = 18*i - 41. Is l a multiple of 2?
False
Let j be 64/6*(-48)/8. Let k = j + 92. Does 11 divide k?
False
Let g(n) = -1 + 3 + 3 + 6*n. Let k be g(-2). Let j = -1 - k. Is 3 a factor of j?
True
Suppose -25 + 10 = -5*k. Suppose o + 2*f = -f + 9, -o + k*f = 9. Let c(z) = -2*z + 32. Is 16 a factor of c(o)?
True
Let c = 9 + -4. Suppose 2*b - 4*n - 40 = 0, 0*n + 5 = -2*b - c*n. Is 2/4 - (-45)/b a multiple of 5?
True
Suppose -7*i = -2*i - 1820. Suppose 5*a = -10 - 0, 2*a = 4*h - i. Suppose -7*m = -4*m - h. Is m a multiple of 15?
True
Suppose -28 = 5*r + l - 87, -4*r + 32 = -3*l. Suppose -3*b - r = -5*b - v, -21 = -4*b - 3*v. Is 61 - ((2 - b) + 4) a multiple of 16?
False
Suppose r = 2*h - 123, 3*h + 6 + 0 = 0. Let b = 182 + r. Does 10 divide b?
False
Let v = 39 + -34. Suppose -j = -p + 189, -v*j + 555 - 156 = 2*p. Is 24 a factor of p?
True
Let c be (-10 + 8)*3/1. Let u = 5 - c. Suppose 2*q - u - 7 = 0. Is q a multiple of 9?
True
Let x be (-5 - -1)/((-5)/25). Let j be 4 - (x/2 - -1). Let s(w) = -w**3 - 7*w**2 - 6*w - 2. Is 10 a factor of s(j)?
True
Let r = 202 + -308. Let s = r + 179. Suppose 5*f - s - 122 = 0. Is 13 a factor of f?
True
Suppose -2*x + 4*j + 388 = 0, -j = 5*x - 4*j - 970. Is x a multiple of 22?
False
Let u(y) = -3*y + 226. Is u(23) a multiple of 89?
False
Let m = -92 + 53. Let j be (-6)/m + (-340)/13. Does 9 divide 1*j/(-1) + 1?
True
Suppose 35*p - 12000 = 10*p. Is p a multiple of 16?
True
Let w(j) = -j**3 - 7*j**2 + 42*j - 19. Let s be w(-11). Suppose 2*i + 3*k = 46, -3*i = i - 4*k - 52. Let h = s + i. Does 11 divide h?
False
Let a(r) = r**2 - 8*r - 8. Let k be a(9). Let l = 1 - k. Suppose t + l*t = 4. Is 2 a factor of t?
True
Suppose 5*b + k - 1804 = 0, 2*k - 567 = -2*b + 161. Is b a multiple of 15?
True
Let g(i) = 14*i**2 - 1. Suppose -x + 0 + 1 = 0. Suppose -2*y - 5*d - 3 = -0*d, 2*y + 3*d + x = 0. Does 5 divide g(y)?
False
Let m(f) = f**2 - 9*f + 14. Let z be m(12). Suppose z = 23*c - 18*c. Does 5 divide c?
True
Suppose 5*z - 6 + 16 = 0. Is 33 a factor of -2 - 1 - (-194 + 14/z)?
True
Let s(j) = j**2 + 2*j - 11. Let h be s(3). Suppose x - 4 = 0, -2*f = -0*f + 4*x - 82. Suppose -z - r = -f, h*r = -r + 10. Does 31 divide z?
True
Let p(d) = -d**3 + 59*d**2 - 47*d - 73. Does 12 divide p(58)?
False
Let q(k) = -k**3 + 9*k**2 - 5*k - 23. Is q(5) a multiple of 52?
True
Suppose 106*o - 3552 = -3*v + 105*o, -4*v + 5*o = -4736. Is v a multiple of 74?
True
Suppose 4*t - 649 = -x, -4*x - 952 = -2*t - 3584. Is x a multiple of 9?
True
Let w be (-1)/(-4) - (-17003)/(-28). Let d be w/7 - 8/28. Is 18/12 - d/6 a multiple of 16?
True
Suppose -2*y + 81 - 35 = 0. Let q(z) = 2 + y + 8 - 3*z. Is q(0) a multiple of 11?
True
Suppose 92*n - 726 = 81*n. Is n a multiple of 3?
True
Let m = 1 + -1. Suppose -2*j + 0*j + 176 = m. Is j a multiple of 11?
True
Let l = 16 + -99. Let x = l + 139. Is x a multiple of 15?
False
Suppose -16*g + 12*g + 1024 = 0. Does 2 divide g?
True
Suppose 3*g + 147 + 378 = 0. Let l = -98 - g. Suppose -21 = 4*m - l. Is 6 a factor of m?
False
Let i = -145 + 236. Let k = 211 - i. Does 12 divide k?
True
Suppose -1346 = 12*w - 14*w. Suppose 2*z = 2*t - 67 + w, -5*t = -2*z + 615. Is 30 a factor of z?
True
Let t be -35*((-36)/(-28) + -3). Suppose -t = -4*g - g. Suppose 39 = w + g. Does 27 divide w?
True
Let s = 35 + -33. Let m(x) = 2*x**2 + 5*x**2 + 0*x**2 - 2*x - 2. Is m(s) a multiple of 11?
True
Suppose b - f = -2*b + 2884, 0 = 2*f + 8. Does 30 divide b?
True
Suppose -4*d + 20 = v, -5*d + v + 14 = 5*v. Suppose 3*q - d*q - 24 = 0. Is 3 a factor of 0 - (-1 + 3 + q)?
True
Suppose -4*g + 4 = 0, -5*g + 2*g = -4*q - 139. Let v = q + 32. Is v/1 - (-8)/2 a multiple of 2?
True
Let n be 728/(-130)*(-9 + 0 + -1). Suppose -17*p - n = -21*p. Does 4 divide p?
False
Suppose 0*w = -4*w + y - 21, 0 = -5*w + 4*y - 18. Let b(r) be the first derivative of -2*r**2 + 7*r + 51. Is b(w) a multiple of 6?
False
Suppose 3310 = 5*z + 180. Is 68 a factor of z?
False
Suppose i - 7*i = -2256. Let j = -191 + i. Is 18 a factor of j?
False
Suppose -4*q = -2*m - m + 1266, -2075 = -5*m - 5*q. Does 33 divide m?
False
Let c be 1 - (1 - (6 + -4)). Suppose c*i = -2*i + 328. Is 41 a factor of i?
True
Suppose -3*b - 2*m + 1745 = 3*m, b = 3*m + 577. Is b a multiple of 19?
False
Let f(k) = k**2 - 2*k + 53. Does 6 divide f(14)?
False
Let l = -5 + 240. Does 12 divide l?
False
Suppose 2*w - 30364 = -4*u - 2*w, -5*w + 30367 = 4*u. Suppose 0 = -5*c - 4962 - u. Is 8 a factor of c/(-60) - (-1)/6?
False
Suppose 16*u = 25*u - 801. Let y = 224 - u. Is y a multiple of 22?
False
Let u(j) = 2*j**2 - 6*j + 9 + 3*j - 7*j. Suppose -11*t + 8*t = -27. Does 13 divide u(t)?
False
Let v(a) = -8*a - 21. Let z(m) = -12*m - 32. Let k(t) = 8*v(t) - 5*z(t). Let b be k(-5). Does 9 divide (0 + -2)*(-486)/b?
True
Let q = -106 + 109. Suppose 4*y + 5*o - 576 = 0, q*o = 3*y - 2*y - 161. Does 25 divide y?
False
Does 14 divide (-24)/6 - 308/(-4)?
False
Let i = 12 - 16. Let a = i + 35. Let x = -5 + a. Does 26 divide x?
True
Suppose -10260 - 2356 = -19*f. Does 12 divide f?
False
Let g be 2/7 - 2964/84. Does 14 divide 124 + -2 - (g/5 + 3)?
True
Let b(v) = v - 6. Let o be b(4). Is 2 - -14 - (4/1 + o) a multiple of 3?
False
Suppose 4*w = -3*t + 390, -2*w = -3*t - 71 + 461. Is t a multiple of 29?
False
Suppose 3*g = -4*n + 1356, -2*g - 4*n + 9*n + 927 = 0. Does 12 divide g?
True
Is 3/((-2)/8 - (-488)/1824) a multiple of 19?
True
Let f = 6 - 6. Suppose -5*v - m + 97 + 57 = f, 4*v - 2*m = 112. Does 15 divide v?
True
Suppose -4*o - d - 13 = -76, 26 = 3*o + 5*d. Let b = 10 + o. Is 27 a factor of b?
True
Let q = -37 + 16. Let p = 16 + q. Is 24 a factor of 4/((20/(-72))/p)?
True
Let f = 29 + -1. Suppose -2*s + 0*s = z + 2, s + 4 = -2*z. Suppose s = a + a - f. Is a a multiple of 14?
True
Suppose a = 4*r - 459, 5*a + 76 = r - 15. Is r a multiple of 7?
False
Let b = -1 + 6. Suppose b*f 